{"id":1621,"date":"2023-10-17T20:43:12","date_gmt":"2023-10-17T18:43:12","guid":{"rendered":"https:\/\/www.corsiformazionecontinua.it\/?post_type=product&#038;p=1621"},"modified":"2023-10-17T20:43:12","modified_gmt":"2023-10-17T18:43:12","slug":"corso-di-formazione-sistemi-di-ancoraggio-permanente-in-copertura-norme-uni-115782015-e-115602022-progettazione-installazione-collaudo-uso-e-manutenzione-16-ore","status":"publish","type":"product","link":"https:\/\/www.corsiformazionecontinua.it\/index.php\/prodotto\/corso-di-formazione-sistemi-di-ancoraggio-permanente-in-copertura-norme-uni-115782015-e-115602022-progettazione-installazione-collaudo-uso-e-manutenzione-16-ore\/","title":{"rendered":"Corso di formazione \u201cSISTEMI DI ANCORAGGIO PERMANENTE IN COPERTURA, Norme UNI 11578:2015 e 11560:2022 &#8211; Progettazione, installazione, collaudo, uso e manutenzione\u201d \u2013 16 ore"},"content":{"rendered":"<p>Il corso di formazione \u201cSISTEMI DI ANCORAGGIO PERMANENTE IN COPERTURA Norme UNI 11578:2015 e 11560:2022 &#8211; Progettazione, installazione, collaudo, uso e manutenzione\u201d, si prefigge l\u2019obiettivo di dare ai destinatari gli strumenti formativi normativi per individuare, progettare, configurare, installare, usare correttamente, ispezionare ed effettuare la manutenzione dei sistemi di ancoraggio puntuali, lineari e combinati destinati alla installazione permanente da utilizzare congiuntamente ai sistemi di protezione individuale dalle cadute, secondo le norme di sicurezza antinfortunistica.<\/p>\n<p>Il corso \u00e8 diretto a tecnici, progettisti e direttori dei lavori, coordinatori della sicurezza, ditte installatrici dei sistemi linee vita e loro manutenzione nonch\u00e9 personale addetto alle ispezioni, degli stessi sistemi di ancoraggio puntuali, lineari e combinati, destinati all&#8217;installazione permanente e da utilizzare congiuntamente ai sistemi di protezione individuale dalle cadute.<\/p>\n<p>Il corso \u00e8 fruibile in e.learning, ideale per chi lavora e ha tempo limitato per seguire un corso in presenza. Previsto tutor dedicato. Le credenziali di accesso alla piattaforma e.learning restano valide 365 giorni, sebbene il corsista abbia terminato il corso e ricevuto l\u2019attestato; ci\u00f2 consentir\u00e0 al corsista di poter accedere alla piattaforma e.learning, gratuitamente e con le stesse credenziali, anche dopo aver completato il corso nonch\u00e9 usufruire gratuitamente degli aggiornamenti eventualmente editi nel corso del periodo di validit\u00e0 delle proprie credenziali. Inoltre, con l\u2019acquisto di un ulteriore corso di formazione e.learning, prima della scadenza delle credenziali (prima dei 365 giorni di validit\u00e0 delle credenziali) al corsista sar\u00e0 garantito l\u2019accesso a tutti i corsi ai quali si \u00e8 iscritto precedentemente, per un periodo di 365 giorni corrispondente a quello di validit\u00e0 delle credenziali rinnovate grazie all\u2019iscrizione al nuovo corso, in questo modo, il corsista beneficer\u00e0 degli aggiornamenti sui corsi ai quali si \u00e8 iscritto precedentemente.<\/p>\n<p>A fine corso \u00e8 previsto il rilascio dell\u2019attestato di formazione munito di qr-code di verifica validit\u00e0, veridicit\u00e0 e dell&#8217;integrit\u00e0 dell&#8217;attestato.<\/p>\n","protected":false},"excerpt":{"rendered":"<p>Il partecipante, una volta completato regolarmente il percorso, sar\u00e0 in possesso degli strumenti formativi normativi per individuare, progettare, configurare, installare, usare correttamente, ispezionare ed effettuare la manutenzione dei sistemi di ancoraggio permanente sui tetti di copertura degli immobili.<\/p>\n","protected":false},"featured_media":1622,"comment_status":"open","ping_status":"closed","template":"","meta":{"advanced_seo_description":"","spay_email":""},"product_cat":[15,18,50],"product_tag":[245,241,240,243,242,244],"_links":{"self":[{"href":"https:\/\/www.corsiformazionecontinua.it\/index.php\/wp-json\/wp\/v2\/product\/1621"}],"collection":[{"href":"https:\/\/www.corsiformazionecontinua.it\/index.php\/wp-json\/wp\/v2\/product"}],"about":[{"href":"https:\/\/www.corsiformazionecontinua.it\/index.php\/wp-json\/wp\/v2\/types\/product"}],"replies":[{"embeddable":true,"href":"https:\/\/www.corsiformazionecontinua.it\/index.php\/wp-json\/wp\/v2\/comments?post=1621"}],"wp:featuredmedia":[{"embeddable":true,"href":"https:\/\/www.corsiformazionecontinua.it\/index.php\/wp-json\/wp\/v2\/media\/1622"}],"wp:attachment":[{"href":"https:\/\/www.corsiformazionecontinua.it\/index.php\/wp-json\/wp\/v2\/media?parent=1621"}],"wp:term":[{"taxonomy":"product_cat","embeddable":true,"href":"https:\/\/www.corsiformazionecontinua.it\/index.php\/wp-json\/wp\/v2\/product_cat?post=1621"},{"taxonomy":"product_tag","embeddable":true,"href":"https:\/\/www.corsiformazionecontinua.it\/index.php\/wp-json\/wp\/v2\/product_tag?post=1621"}],"curies":[{"name":"wp","href":"https:\/\/api.w.org\/{rel}","templated":true}]}}