{"id":22,"date":"2022-02-07T21:24:36","date_gmt":"2022-02-07T20:24:36","guid":{"rendered":"http:\/\/www.corsiformazionecontinua.it\/new\/?post_type=product&#038;p=22"},"modified":"2026-04-27T08:55:59","modified_gmt":"2026-04-27T06:55:59","slug":"ecdl","status":"publish","type":"product","link":"https:\/\/www.corsiformazionecontinua.it\/index.php\/prodotto\/ecdl\/","title":{"rendered":"Corso di formazione per ECDL\/ICDL modulo IT Security"},"content":{"rendered":"<p style=\"text-align: justify;\">Il corso di formazione, si prefigge l&#8217;obiettivo di fornire al corsista, in modo semplice e al contempo completo, le conoscenze approfondite per affrontare l&#8217;esame per la certificazione delle competenze informatiche, partendo dalla formazione basilare.<\/p>\n<p style=\"text-align: justify;\">Il corso \u00e8 interamente on-line e potr\u00e0 essere seguito in qualunque momento della giornata, tutti i giorni, compresi i festivi. Le credenziali per l&#8217;accesso alla piattaforma fad saranno trasmesse al corsista entro 24-48 ore dal momento della sua iscrizione.<\/p>\n<p style=\"text-align: justify;\">Le credenziali che ricever\u00e0 il corsista resteranno operative per 365 giorni dal giorno in cui le ha ricevute, sebbene abbia gi\u00e0 ricevuto l&#8217;attestato; in questo modo il corsista potr\u00e0 continuare a beneficiare gratuitamente della fruizione del corso e utilizzare quindi questo importante strumento normativo. Ogni aggiornamento normativo inerente il corso ed edito nei 365 giorni di validit\u00e0 delle credenziali sar\u00e0 disponibile gratuitamente anche dopo il rilascio dell&#8217;attestato.<\/p>\n<p style=\"text-align: justify;\">In pratica il corso si rivela un\u2019ottima opportunit\u00e0 in quanto rappresenta un vero strumento di lavoro utile anche e soprattutto dopo aver ricevuto l&#8217;attestato finale di partecipazione al corso.<\/p>\n<p style=\"text-align: justify;\">Il corso di formazione \u00e8 caratterizzato da un protocollo univoco, che identifica il corso stesso.<\/p>\n<p style=\"text-align: justify;\">L\u2019attestato rilasciato al termine del corso reca il codice di controllo univoco e il qr-code, indispensabili per il controllo sull\u2019integrit\u00e0 dell\u2019attestato stesso e la veridicit\u00e0 del suo contenuto. Il controllo tramite il codice di controllo pu\u00f2 essere agevolmente effettuato facendo click sull\u2019apposito pulsante presente nell\u2019home page di questo sito web, dopo aver inserito l\u2019intera stringa di caratteri alfanumerici. La verifica tramite qr-code pu\u00f2 essere effettuata invece tramite la webcam di uno smartphone connesso a internet.<\/p>\n","protected":false},"excerpt":{"rendered":"<p>Il corso di formazione, si prefigge l&#8217;obiettivo di fornire al corsista, in modo semplice e al contempo completo, le conoscenze approfondite per affrontare l&#8217;esame per la certificazione delle competenze informatiche, partendo dalla formazione basilare.<\/p>\n<p>Il corso \u00e8 utile anche per le graduatorie<\/p>\n","protected":false},"featured_media":69,"comment_status":"open","ping_status":"closed","template":"","meta":{"advanced_seo_description":"","spay_email":""},"product_cat":[15,18,53],"product_tag":[47,48],"_links":{"self":[{"href":"https:\/\/www.corsiformazionecontinua.it\/index.php\/wp-json\/wp\/v2\/product\/22"}],"collection":[{"href":"https:\/\/www.corsiformazionecontinua.it\/index.php\/wp-json\/wp\/v2\/product"}],"about":[{"href":"https:\/\/www.corsiformazionecontinua.it\/index.php\/wp-json\/wp\/v2\/types\/product"}],"replies":[{"embeddable":true,"href":"https:\/\/www.corsiformazionecontinua.it\/index.php\/wp-json\/wp\/v2\/comments?post=22"}],"wp:featuredmedia":[{"embeddable":true,"href":"https:\/\/www.corsiformazionecontinua.it\/index.php\/wp-json\/wp\/v2\/media\/69"}],"wp:attachment":[{"href":"https:\/\/www.corsiformazionecontinua.it\/index.php\/wp-json\/wp\/v2\/media?parent=22"}],"wp:term":[{"taxonomy":"product_cat","embeddable":true,"href":"https:\/\/www.corsiformazionecontinua.it\/index.php\/wp-json\/wp\/v2\/product_cat?post=22"},{"taxonomy":"product_tag","embeddable":true,"href":"https:\/\/www.corsiformazionecontinua.it\/index.php\/wp-json\/wp\/v2\/product_tag?post=22"}],"curies":[{"name":"wp","href":"https:\/\/api.w.org\/{rel}","templated":true}]}}